{"id":8602,"date":"2023-06-20T15:02:41","date_gmt":"2023-06-20T13:02:41","guid":{"rendered":"https:\/\/www.lyceeclaudegellee.fr\/?page_id=8602"},"modified":"2023-06-22T17:29:30","modified_gmt":"2023-06-22T15:29:30","slug":"le-pil","status":"publish","type":"page","link":"https:\/\/www.lyceeclaudegellee.fr\/?page_id=8602","title":{"rendered":"Le PIL"},"content":{"rendered":"\t\t<div data-elementor-type=\"wp-page\" data-elementor-id=\"8602\" class=\"elementor elementor-8602\">\n\t\t\t\t\t\t<section class=\"has_eae_slider elementor-section elementor-top-section elementor-element elementor-element-a7abcdd elementor-section-stretched elementor-section-boxed elementor-section-height-default elementor-section-height-default\" data-eae-slider=\"54095\" data-id=\"a7abcdd\" data-element_type=\"section\" data-e-type=\"section\" data-settings=\"{&quot;stretch_section&quot;:&quot;section-stretched&quot;,&quot;background_background&quot;:&quot;gradient&quot;}\">\n\t\t\t\t\t\t<div class=\"elementor-container elementor-column-gap-wide\">\n\t\t\t\t\t<div class=\"has_eae_slider elementor-column elementor-col-100 elementor-top-column elementor-element elementor-element-72b0016\" data-eae-slider=\"55184\" data-id=\"72b0016\" data-element_type=\"column\" data-e-type=\"column\">\n\t\t\t<div class=\"elementor-widget-wrap elementor-element-populated\">\n\t\t\t\t\t\t<div class=\"elementor-element elementor-element-449c4f2 elementor-widget elementor-widget-text-editor\" data-id=\"449c4f2\" data-element_type=\"widget\" data-e-type=\"widget\" data-widget_type=\"text-editor.default\">\n\t\t\t\t\t\t\t\t\t<p>\u00a0<\/p><p>\u00a0<\/p><p>\u00a0<\/p>\t\t\t\t\t\t\t\t<\/div>\n\t\t\t\t\t<\/div>\n\t\t<\/div>\n\t\t\t\t\t<\/div>\n\t\t<\/section>\n\t\t\t\t<section class=\"has_eae_slider elementor-section elementor-top-section elementor-element elementor-element-99e258b elementor-section-full_width elementor-section-height-default elementor-section-height-default\" data-eae-slider=\"38692\" data-id=\"99e258b\" data-element_type=\"section\" data-e-type=\"section\">\n\t\t\t\t\t\t<div class=\"elementor-container elementor-column-gap-default\">\n\t\t\t\t\t<div class=\"has_eae_slider elementor-column elementor-col-100 elementor-top-column elementor-element elementor-element-eca6316\" data-eae-slider=\"15785\" data-id=\"eca6316\" data-element_type=\"column\" data-e-type=\"column\">\n\t\t\t<div class=\"elementor-widget-wrap elementor-element-populated\">\n\t\t\t\t\t\t<div class=\"elementor-element elementor-element-38f699a elementor-widget elementor-widget-image\" data-id=\"38f699a\" data-element_type=\"widget\" data-e-type=\"widget\" data-widget_type=\"image.default\">\n\t\t\t\t\t\t\t\t\t\t\t\t\t\t\t<img decoding=\"async\" src=\"https:\/\/www.lyceeclaudegellee.fr\/wp-content\/uploads\/2022\/09\/Article-de-presse-scaled.jpg\" title=\"\" alt=\"\" loading=\"lazy\" \/>\t\t\t\t\t\t\t\t\t\t\t\t\t\t\t<\/div>\n\t\t\t\t\t<\/div>\n\t\t<\/div>\n\t\t\t\t\t<\/div>\n\t\t<\/section>\n\t\t\t\t<section class=\"has_eae_slider elementor-section elementor-top-section elementor-element elementor-element-c844107 elementor-section-full_width elementor-section-height-default elementor-section-height-default\" data-eae-slider=\"16385\" data-id=\"c844107\" data-element_type=\"section\" data-e-type=\"section\">\n\t\t\t\t\t\t<div class=\"elementor-container elementor-column-gap-default\">\n\t\t\t\t\t<div class=\"has_eae_slider elementor-column elementor-col-100 elementor-top-column elementor-element elementor-element-ecdcdec\" data-eae-slider=\"2651\" data-id=\"ecdcdec\" data-element_type=\"column\" data-e-type=\"column\">\n\t\t\t<div class=\"elementor-widget-wrap elementor-element-populated\">\n\t\t\t\t\t\t<div class=\"elementor-element elementor-element-dbc3835 elementor-widget elementor-widget-heading\" data-id=\"dbc3835\" data-element_type=\"widget\" data-e-type=\"widget\" data-widget_type=\"heading.default\">\n\t\t\t\t\t<h2 class=\"elementor-heading-title elementor-size-default\">Le Prix Imaginales des Lyc\u00e9ens<\/h2>\t\t\t\t<\/div>\n\t\t\t\t\t<\/div>\n\t\t<\/div>\n\t\t\t\t\t<\/div>\n\t\t<\/section>\n\t\t\t\t<section class=\"has_eae_slider elementor-section elementor-top-section elementor-element elementor-element-ad76102 elementor-section-full_width elementor-section-height-default elementor-section-height-default\" data-eae-slider=\"1891\" data-id=\"ad76102\" data-element_type=\"section\" data-e-type=\"section\">\n\t\t\t\t\t\t<div class=\"elementor-container elementor-column-gap-default\">\n\t\t\t\t\t<div class=\"has_eae_slider elementor-column elementor-col-33 elementor-top-column elementor-element elementor-element-59eb68e\" data-eae-slider=\"37346\" data-id=\"59eb68e\" data-element_type=\"column\" data-e-type=\"column\">\n\t\t\t<div class=\"elementor-widget-wrap elementor-element-populated\">\n\t\t\t\t\t\t<div class=\"elementor-element elementor-element-eb3abd4 elementor-widget elementor-widget-image\" data-id=\"eb3abd4\" data-element_type=\"widget\" data-e-type=\"widget\" data-widget_type=\"image.default\">\n\t\t\t\t\t\t\t\t\t\t\t\t\t\t\t\t<a href=\"https:\/\/www.imaginales.fr\/prix-imaginales-des-lyceens-2023\/\" target=\"_blank\">\n\t\t\t\t\t\t\t<img fetchpriority=\"high\" decoding=\"async\" width=\"1024\" height=\"1024\" src=\"https:\/\/www.lyceeclaudegellee.fr\/wp-content\/uploads\/2023\/06\/PRIX-IMAGINALES-DES-LYCEENS-2023-1024x1024.png\" class=\"attachment-large size-large wp-image-8607\" alt=\"\" srcset=\"https:\/\/www.lyceeclaudegellee.fr\/wp-content\/uploads\/2023\/06\/PRIX-IMAGINALES-DES-LYCEENS-2023-1024x1024.png 1024w, https:\/\/www.lyceeclaudegellee.fr\/wp-content\/uploads\/2023\/06\/PRIX-IMAGINALES-DES-LYCEENS-2023-300x300.png 300w, https:\/\/www.lyceeclaudegellee.fr\/wp-content\/uploads\/2023\/06\/PRIX-IMAGINALES-DES-LYCEENS-2023-150x150.png 150w, https:\/\/www.lyceeclaudegellee.fr\/wp-content\/uploads\/2023\/06\/PRIX-IMAGINALES-DES-LYCEENS-2023-768x768.png 768w, https:\/\/www.lyceeclaudegellee.fr\/wp-content\/uploads\/2023\/06\/PRIX-IMAGINALES-DES-LYCEENS-2023-600x600.png 600w, https:\/\/www.lyceeclaudegellee.fr\/wp-content\/uploads\/2023\/06\/PRIX-IMAGINALES-DES-LYCEENS-2023.png 1080w\" sizes=\"(max-width: 1024px) 100vw, 1024px\" \/>\t\t\t\t\t\t\t\t<\/a>\n\t\t\t\t\t\t\t\t\t\t\t\t\t\t\t<\/div>\n\t\t\t\t\t<\/div>\n\t\t<\/div>\n\t\t\t\t<div class=\"has_eae_slider elementor-column elementor-col-33 elementor-top-column elementor-element elementor-element-aa76470\" data-eae-slider=\"8705\" data-id=\"aa76470\" data-element_type=\"column\" data-e-type=\"column\">\n\t\t\t<div class=\"elementor-widget-wrap elementor-element-populated\">\n\t\t\t\t\t\t<div class=\"elementor-element elementor-element-71e1382 elementor-widget elementor-widget-text-editor\" data-id=\"71e1382\" data-element_type=\"widget\" data-e-type=\"widget\" data-widget_type=\"text-editor.default\">\n\t\t\t\t\t\t\t\t\t<p><em>Le jeudi 13 avril 2023 ont eu lieu les d\u00e9lib\u00e9rations du PIL (Prix Imaginales des Lyc\u00e9ens)&nbsp;<\/em><\/p><p><em style=\"font-size: 14px; color: var( --e-global-color-text );\">au lyc\u00e9e Louis Lapicque.<\/em><\/p>\n<p><em>Deux \u00e9l\u00e8ves repr\u00e9sentant le lyc\u00e9e Claude Gell\u00e9e (Lola Desilvestre et Ir\u00e8ne Seveleder) y ont particip\u00e9.<\/em><\/p>\n<p><em>Le choix des \u00e9l\u00e8ves de CG s&rsquo;\u00e9tait port\u00e9&nbsp; sur&nbsp;<\/em>Bayuk&nbsp;<em>de Justine Niogret. Mais les deux finalistes retenus par l&rsquo;ensemble des lyc\u00e9ens inscrits au PIL \u00e9taient&nbsp;<\/em>Le Sanctuaire d&rsquo;Emona<em>&nbsp;d&rsquo;Alexanda Koszelyk et&nbsp;<\/em>Veggie vs Zombie&nbsp;<em>de Lydie Wallon. Apr\u00e8s des d\u00e9bats tr\u00e8s enrichissants, les \u00e9l\u00e8ves ont d\u00e9partag\u00e9 ces deux romans. Le r\u00e9sultat des votes fut sans appel : c&rsquo;est&nbsp;<\/em>Veggie vs Zombie<em>&nbsp;qui l&rsquo; a emport\u00e9 avec une large majorit\u00e9. F\u00e9licitations \u00e0 l&rsquo;autrice, que nous pourrons&nbsp; croiser sur le festival des Imaginales du 25 au 28 mai prochains.<\/em><\/p>\t\t\t\t\t\t\t\t<\/div>\n\t\t\t\t\t<\/div>\n\t\t<\/div>\n\t\t\t\t<div class=\"has_eae_slider elementor-column elementor-col-33 elementor-top-column elementor-element elementor-element-b557fe4\" data-eae-slider=\"28751\" data-id=\"b557fe4\" data-element_type=\"column\" data-e-type=\"column\">\n\t\t\t<div class=\"elementor-widget-wrap elementor-element-populated\">\n\t\t\t\t\t\t<div class=\"elementor-element elementor-element-becb56c elementor-widget elementor-widget-image\" data-id=\"becb56c\" data-element_type=\"widget\" data-e-type=\"widget\" data-widget_type=\"image.default\">\n\t\t\t\t\t\t\t\t\t\t\t\t\t\t\t<img decoding=\"async\" src=\"https:\/\/www.lyceeclaudegellee.fr\/wp-content\/uploads\/2023\/06\/20230413_155618-rotated.jpg\" title=\"\" alt=\"\" loading=\"lazy\" \/>\t\t\t\t\t\t\t\t\t\t\t\t\t\t\t<\/div>\n\t\t\t\t\t<\/div>\n\t\t<\/div>\n\t\t\t\t\t<\/div>\n\t\t<\/section>\n\t\t\t\t<\/div>\n\t\t","protected":false},"excerpt":{"rendered":"<p>\u00a0 \u00a0 \u00a0 Le Prix Imaginales des Lyc\u00e9ens Le jeudi 13 avril 2023 ont eu lieu les d\u00e9lib\u00e9rations du PIL (Prix Imaginales des Lyc\u00e9ens)&nbsp; au lyc\u00e9e Louis Lapicque. Deux \u00e9l\u00e8ves repr\u00e9sentant le lyc\u00e9e Claude Gell\u00e9e (Lola Desilvestre et Ir\u00e8ne Seveleder) y ont particip\u00e9. Le choix des \u00e9l\u00e8ves de CG s&rsquo;\u00e9tait port\u00e9&nbsp; sur&nbsp;Bayuk&nbsp;de Justine Niogret. Mais [&hellip;]<\/p>\n","protected":false},"author":1,"featured_media":0,"parent":0,"menu_order":0,"comment_status":"closed","ping_status":"closed","template":"","meta":{"ocean_post_layout":"","ocean_both_sidebars_style":"","ocean_both_sidebars_content_width":0,"ocean_both_sidebars_sidebars_width":0,"ocean_sidebar":"0","ocean_second_sidebar":"0","ocean_disable_margins":"enable","ocean_add_body_class":"","ocean_shortcode_before_top_bar":"","ocean_shortcode_after_top_bar":"","ocean_shortcode_before_header":"","ocean_shortcode_after_header":"","ocean_has_shortcode":"","ocean_shortcode_after_title":"","ocean_shortcode_before_footer_widgets":"","ocean_shortcode_after_footer_widgets":"","ocean_shortcode_before_footer_bottom":"","ocean_shortcode_after_footer_bottom":"","ocean_display_top_bar":"default","ocean_display_header":"default","ocean_header_style":"","ocean_center_header_left_menu":"0","ocean_custom_header_template":"0","ocean_custom_logo":0,"ocean_custom_retina_logo":0,"ocean_custom_logo_max_width":0,"ocean_custom_logo_tablet_max_width":0,"ocean_custom_logo_mobile_max_width":0,"ocean_custom_logo_max_height":0,"ocean_custom_logo_tablet_max_height":0,"ocean_custom_logo_mobile_max_height":0,"ocean_header_custom_menu":"0","ocean_menu_typo_font_family":"0","ocean_menu_typo_font_subset":"","ocean_menu_typo_font_size":0,"ocean_menu_typo_font_size_tablet":0,"ocean_menu_typo_font_size_mobile":0,"ocean_menu_typo_font_size_unit":"px","ocean_menu_typo_font_weight":"","ocean_menu_typo_font_weight_tablet":"","ocean_menu_typo_font_weight_mobile":"","ocean_menu_typo_transform":"","ocean_menu_typo_transform_tablet":"","ocean_menu_typo_transform_mobile":"","ocean_menu_typo_line_height":0,"ocean_menu_typo_line_height_tablet":0,"ocean_menu_typo_line_height_mobile":0,"ocean_menu_typo_line_height_unit":"","ocean_menu_typo_spacing":0,"ocean_menu_typo_spacing_tablet":0,"ocean_menu_typo_spacing_mobile":0,"ocean_menu_typo_spacing_unit":"","ocean_menu_link_color":"","ocean_menu_link_color_hover":"","ocean_menu_link_color_active":"","ocean_menu_link_background":"","ocean_menu_link_hover_background":"","ocean_menu_link_active_background":"","ocean_menu_social_links_bg":"","ocean_menu_social_hover_links_bg":"","ocean_menu_social_links_color":"","ocean_menu_social_hover_links_color":"","ocean_disable_title":"on","ocean_disable_heading":"default","ocean_post_title":"","ocean_post_subheading":"","ocean_post_title_style":"","ocean_post_title_background_color":"","ocean_post_title_background":0,"ocean_post_title_bg_image_position":"","ocean_post_title_bg_image_attachment":"","ocean_post_title_bg_image_repeat":"","ocean_post_title_bg_image_size":"","ocean_post_title_height":0,"ocean_post_title_bg_overlay":0.5,"ocean_post_title_bg_overlay_color":"","ocean_disable_breadcrumbs":"default","ocean_breadcrumbs_color":"","ocean_breadcrumbs_separator_color":"","ocean_breadcrumbs_links_color":"","ocean_breadcrumbs_links_hover_color":"","ocean_display_footer_widgets":"default","ocean_display_footer_bottom":"default","ocean_custom_footer_template":"0","_themeisle_gutenberg_block_has_review":false,"footnotes":""},"class_list":["post-8602","page","type-page","status-publish","hentry","entry"],"_links":{"self":[{"href":"https:\/\/www.lyceeclaudegellee.fr\/index.php?rest_route=\/wp\/v2\/pages\/8602","targetHints":{"allow":["GET"]}}],"collection":[{"href":"https:\/\/www.lyceeclaudegellee.fr\/index.php?rest_route=\/wp\/v2\/pages"}],"about":[{"href":"https:\/\/www.lyceeclaudegellee.fr\/index.php?rest_route=\/wp\/v2\/types\/page"}],"author":[{"embeddable":true,"href":"https:\/\/www.lyceeclaudegellee.fr\/index.php?rest_route=\/wp\/v2\/users\/1"}],"replies":[{"embeddable":true,"href":"https:\/\/www.lyceeclaudegellee.fr\/index.php?rest_route=%2Fwp%2Fv2%2Fcomments&post=8602"}],"version-history":[{"count":8,"href":"https:\/\/www.lyceeclaudegellee.fr\/index.php?rest_route=\/wp\/v2\/pages\/8602\/revisions"}],"predecessor-version":[{"id":8668,"href":"https:\/\/www.lyceeclaudegellee.fr\/index.php?rest_route=\/wp\/v2\/pages\/8602\/revisions\/8668"}],"wp:attachment":[{"href":"https:\/\/www.lyceeclaudegellee.fr\/index.php?rest_route=%2Fwp%2Fv2%2Fmedia&parent=8602"}],"curies":[{"name":"wp","href":"https:\/\/api.w.org\/{rel}","templated":true}]}}